{"id":321,"date":"2019-08-31T18:31:40","date_gmt":"2019-08-31T18:31:40","guid":{"rendered":"http:\/\/willa-zamek.pl\/?page_id=321"},"modified":"2025-01-11T10:00:30","modified_gmt":"2025-01-11T10:00:30","slug":"kalwarii-zebrzydowska","status":"publish","type":"page","link":"http:\/\/willa-zamek.pl\/?page_id=321","title":{"rendered":"Kalwaria Zebrzydowska"},"content":{"rendered":"<p style=\"text-align: justify;\"><a href=\"http:\/\/willa-zamek.pl\/wp-content\/uploads\/2019\/08\/kal_07.jpg\"><img loading=\"lazy\" decoding=\"async\" class=\"alignleft wp-image-332 size-medium\" src=\"http:\/\/willa-zamek.pl\/wp-content\/uploads\/2019\/08\/kal_07-225x300.jpg\" alt=\"\" width=\"225\" height=\"300\" srcset=\"http:\/\/willa-zamek.pl\/wp-content\/uploads\/2019\/08\/kal_07-225x300.jpg 225w, http:\/\/willa-zamek.pl\/wp-content\/uploads\/2019\/08\/kal_07-768x1024.jpg 768w, http:\/\/willa-zamek.pl\/wp-content\/uploads\/2019\/08\/kal_07-570x760.jpg 570w, http:\/\/willa-zamek.pl\/wp-content\/uploads\/2019\/08\/kal_07.jpg 810w\" sizes=\"auto, (max-width: 225px) 100vw, 225px\" \/><\/a>Wielk\u0105 atrakcj\u0105 naszej okolicy jest bez w\u0105tpienia zesp\u00f3\u0142 sakralny <strong>Kalwarii Zebrzydowskiej<\/strong>, z XVII wiecznym klasztorem oraz przepi\u0119knie po\u0142o\u017conym uk\u0142adem kalwaryjskich dr\u00f3\u017cek p\u0105tniczych. Do samego klasztoru mo\u017cna doj\u015b\u0107 z Lanckorony w ci\u0105gu godziny, natomiast obej\u015bcie wszystkich kapliczek rozsianych po okolicznych wzniesieniach mo\u017ce zabra\u0107 nawet ca\u0142y dzie\u0144. Warto jednak po\u015bwi\u0119ci\u0107 ten czas, gdy\u017c nie b\u0119dzie on z pewno\u015bci\u0105 straconym, a zwiedzanie mo\u017cna roz\u0142o\u017cy\u0107 na dwa dni.<\/p>\n<p style=\"text-align: justify;\">B\u0119d\u0105c w tamtych stronach, a lubi\u0105c w\u0119drowa\u0107 warto zapu\u015bci\u0107 si\u0119 w las porastaj\u0105cy kalwaryjsk\u0105 g\u00f3r\u0119 tzw. \u017barek. Jest to przepi\u0119kny kompleks le\u015bny z ostojami starodrzewiu, szumi\u0105cymi strumykami i dzik\u0105 zwierzyn\u0105. Mo\u017cna przej\u015b\u0107 szerok\u0105 alej\u0105 za klasztorem wchodz\u0105c\u0105 w las, przy kt\u00f3rej umieszczonych jest kilka starych krzy\u017cy i figura \u015bwi\u0119tego. Na szczycie g\u00f3ry znajduj\u0105 si\u0119 szcz\u0105tki zb\u00f3jnickiego zamku tzw. W\u0142odkowej. Niestety nie zachowa\u0142o si\u0119 z niego prawie nic, gdy\u017c po uj\u0119ciu wspomnianej zb\u00f3jniczki W\u0142odkowej i straceniu jej w XV wieku na rynku w Krakowie, zamek zburzono.<\/p>\n<hr \/>\n<p><a href=\"http:\/\/willa-zamek.pl\/wp-content\/uploads\/2019\/08\/kal_11.jpg\"><img loading=\"lazy\" decoding=\"async\" class=\"alignnone wp-image-343 size-thumbnail\" src=\"http:\/\/willa-zamek.pl\/wp-content\/uploads\/2019\/08\/kal_11-150x150.jpg\" alt=\"\" width=\"150\" height=\"150\" srcset=\"http:\/\/willa-zamek.pl\/wp-content\/uploads\/2019\/08\/kal_11-150x150.jpg 150w, http:\/\/willa-zamek.pl\/wp-content\/uploads\/2019\/08\/kal_11-510x510.jpg 510w\" sizes=\"auto, (max-width: 150px) 100vw, 150px\" \/><\/a> <a href=\"http:\/\/willa-zamek.pl\/wp-content\/uploads\/2019\/08\/kal_08.jpg\"><img loading=\"lazy\" decoding=\"async\" class=\"alignnone wp-image-342 size-thumbnail\" src=\"http:\/\/willa-zamek.pl\/wp-content\/uploads\/2019\/08\/kal_08-150x150.jpg\" alt=\"\" width=\"150\" height=\"150\" srcset=\"http:\/\/willa-zamek.pl\/wp-content\/uploads\/2019\/08\/kal_08-150x150.jpg 150w, http:\/\/willa-zamek.pl\/wp-content\/uploads\/2019\/08\/kal_08-510x510.jpg 510w\" sizes=\"auto, (max-width: 150px) 100vw, 150px\" \/><\/a> <a href=\"http:\/\/willa-zamek.pl\/wp-content\/uploads\/2019\/08\/kal_02.jpg\"><img loading=\"lazy\" decoding=\"async\" class=\"alignnone wp-image-341 size-thumbnail\" src=\"http:\/\/willa-zamek.pl\/wp-content\/uploads\/2019\/08\/kal_02-150x150.jpg\" alt=\"\" width=\"150\" height=\"150\" srcset=\"http:\/\/willa-zamek.pl\/wp-content\/uploads\/2019\/08\/kal_02-150x150.jpg 150w, http:\/\/willa-zamek.pl\/wp-content\/uploads\/2019\/08\/kal_02-510x510.jpg 510w\" sizes=\"auto, (max-width: 150px) 100vw, 150px\" \/><\/a> <a href=\"http:\/\/willa-zamek.pl\/wp-content\/uploads\/2019\/08\/kal_13.jpg\"><img loading=\"lazy\" decoding=\"async\" class=\"alignnone wp-image-338 size-thumbnail\" src=\"http:\/\/willa-zamek.pl\/wp-content\/uploads\/2019\/08\/kal_13-150x150.jpg\" alt=\"\" width=\"150\" height=\"150\" srcset=\"http:\/\/willa-zamek.pl\/wp-content\/uploads\/2019\/08\/kal_13-150x150.jpg 150w, http:\/\/willa-zamek.pl\/wp-content\/uploads\/2019\/08\/kal_13-510x510.jpg 510w\" sizes=\"auto, (max-width: 150px) 100vw, 150px\" \/><\/a> <a href=\"http:\/\/willa-zamek.pl\/wp-content\/uploads\/2019\/08\/kal_12.jpg\"><img loading=\"lazy\" decoding=\"async\" class=\"alignnone wp-image-337 size-thumbnail\" src=\"http:\/\/willa-zamek.pl\/wp-content\/uploads\/2019\/08\/kal_12-150x150.jpg\" alt=\"\" width=\"150\" height=\"150\" srcset=\"http:\/\/willa-zamek.pl\/wp-content\/uploads\/2019\/08\/kal_12-150x150.jpg 150w, http:\/\/willa-zamek.pl\/wp-content\/uploads\/2019\/08\/kal_12-510x510.jpg 510w\" sizes=\"auto, (max-width: 150px) 100vw, 150px\" \/><\/a><\/p>\n<p><a href=\"http:\/\/willa-zamek.pl\/wp-content\/uploads\/2019\/08\/kal_10.jpg\"><img loading=\"lazy\" decoding=\"async\" class=\"alignnone wp-image-335 size-thumbnail\" src=\"http:\/\/willa-zamek.pl\/wp-content\/uploads\/2019\/08\/kal_10-150x150.jpg\" alt=\"\" width=\"150\" height=\"150\" srcset=\"http:\/\/willa-zamek.pl\/wp-content\/uploads\/2019\/08\/kal_10-150x150.jpg 150w, http:\/\/willa-zamek.pl\/wp-content\/uploads\/2019\/08\/kal_10-510x510.jpg 510w\" sizes=\"auto, (max-width: 150px) 100vw, 150px\" \/><\/a> <a href=\"http:\/\/willa-zamek.pl\/wp-content\/uploads\/2019\/08\/kal_09.jpg\"><img loading=\"lazy\" decoding=\"async\" class=\"alignnone wp-image-334 size-thumbnail\" src=\"http:\/\/willa-zamek.pl\/wp-content\/uploads\/2019\/08\/kal_09-150x150.jpg\" alt=\"\" width=\"150\" height=\"150\" srcset=\"http:\/\/willa-zamek.pl\/wp-content\/uploads\/2019\/08\/kal_09-150x150.jpg 150w, http:\/\/willa-zamek.pl\/wp-content\/uploads\/2019\/08\/kal_09-510x510.jpg 510w\" sizes=\"auto, (max-width: 150px) 100vw, 150px\" \/><\/a> <a href=\"http:\/\/willa-zamek.pl\/wp-content\/uploads\/2019\/08\/kal_06.jpg\"><img loading=\"lazy\" decoding=\"async\" class=\"alignnone wp-image-331 size-thumbnail\" src=\"http:\/\/willa-zamek.pl\/wp-content\/uploads\/2019\/08\/kal_06-150x150.jpg\" alt=\"\" width=\"150\" height=\"150\" srcset=\"http:\/\/willa-zamek.pl\/wp-content\/uploads\/2019\/08\/kal_06-150x150.jpg 150w, http:\/\/willa-zamek.pl\/wp-content\/uploads\/2019\/08\/kal_06-510x510.jpg 510w\" sizes=\"auto, (max-width: 150px) 100vw, 150px\" \/><\/a> <a href=\"http:\/\/willa-zamek.pl\/wp-content\/uploads\/2019\/08\/kal_05.jpg\"><img loading=\"lazy\" decoding=\"async\" class=\"alignnone wp-image-330 size-thumbnail\" src=\"http:\/\/willa-zamek.pl\/wp-content\/uploads\/2019\/08\/kal_05-150x150.jpg\" alt=\"\" width=\"150\" height=\"150\" srcset=\"http:\/\/willa-zamek.pl\/wp-content\/uploads\/2019\/08\/kal_05-150x150.jpg 150w, http:\/\/willa-zamek.pl\/wp-content\/uploads\/2019\/08\/kal_05-510x510.jpg 510w\" sizes=\"auto, (max-width: 150px) 100vw, 150px\" \/><\/a> <a href=\"http:\/\/willa-zamek.pl\/wp-content\/uploads\/2019\/08\/kal_04.jpg\"><img loading=\"lazy\" decoding=\"async\" class=\"alignnone wp-image-329 size-thumbnail\" src=\"http:\/\/willa-zamek.pl\/wp-content\/uploads\/2019\/08\/kal_04-150x150.jpg\" alt=\"\" width=\"150\" height=\"150\" srcset=\"http:\/\/willa-zamek.pl\/wp-content\/uploads\/2019\/08\/kal_04-150x150.jpg 150w, http:\/\/willa-zamek.pl\/wp-content\/uploads\/2019\/08\/kal_04-510x510.jpg 510w\" sizes=\"auto, (max-width: 150px) 100vw, 150px\" \/><\/a><\/p>\n<p><a href=\"http:\/\/willa-zamek.pl\/wp-content\/uploads\/2019\/08\/kal_03.jpg\"><img loading=\"lazy\" decoding=\"async\" class=\"alignnone wp-image-328 size-thumbnail\" src=\"http:\/\/willa-zamek.pl\/wp-content\/uploads\/2019\/08\/kal_03-150x150.jpg\" alt=\"\" width=\"150\" height=\"150\" srcset=\"http:\/\/willa-zamek.pl\/wp-content\/uploads\/2019\/08\/kal_03-150x150.jpg 150w, http:\/\/willa-zamek.pl\/wp-content\/uploads\/2019\/08\/kal_03-510x510.jpg 510w\" sizes=\"auto, (max-width: 150px) 100vw, 150px\" \/><\/a> <a href=\"http:\/\/willa-zamek.pl\/wp-content\/uploads\/2019\/08\/kal_01.jpg\"><img loading=\"lazy\" decoding=\"async\" class=\"alignnone wp-image-326 size-thumbnail\" src=\"http:\/\/willa-zamek.pl\/wp-content\/uploads\/2019\/08\/kal_01-150x150.jpg\" alt=\"\" width=\"150\" height=\"150\" srcset=\"http:\/\/willa-zamek.pl\/wp-content\/uploads\/2019\/08\/kal_01-150x150.jpg 150w, http:\/\/willa-zamek.pl\/wp-content\/uploads\/2019\/08\/kal_01-510x510.jpg 510w\" sizes=\"auto, (max-width: 150px) 100vw, 150px\" \/><\/a> <a href=\"http:\/\/willa-zamek.pl\/wp-content\/uploads\/2019\/08\/kal_16.jpg\"><img loading=\"lazy\" decoding=\"async\" class=\"alignnone wp-image-325 size-thumbnail\" src=\"http:\/\/willa-zamek.pl\/wp-content\/uploads\/2019\/08\/kal_16-150x150.jpg\" alt=\"\" width=\"150\" height=\"150\" srcset=\"http:\/\/willa-zamek.pl\/wp-content\/uploads\/2019\/08\/kal_16-150x150.jpg 150w, http:\/\/willa-zamek.pl\/wp-content\/uploads\/2019\/08\/kal_16-510x510.jpg 510w\" sizes=\"auto, (max-width: 150px) 100vw, 150px\" \/><\/a> <a href=\"http:\/\/willa-zamek.pl\/wp-content\/uploads\/2019\/08\/kal_15.jpg\"><img loading=\"lazy\" decoding=\"async\" class=\"alignnone wp-image-324 size-thumbnail\" src=\"http:\/\/willa-zamek.pl\/wp-content\/uploads\/2019\/08\/kal_15-150x150.jpg\" alt=\"\" width=\"150\" height=\"150\" srcset=\"http:\/\/willa-zamek.pl\/wp-content\/uploads\/2019\/08\/kal_15-150x150.jpg 150w, http:\/\/willa-zamek.pl\/wp-content\/uploads\/2019\/08\/kal_15-510x510.jpg 510w\" sizes=\"auto, (max-width: 150px) 100vw, 150px\" \/><\/a> <a href=\"http:\/\/willa-zamek.pl\/wp-content\/uploads\/2019\/08\/kal_14.jpg\"><img loading=\"lazy\" decoding=\"async\" class=\"alignnone wp-image-323 size-thumbnail\" src=\"http:\/\/willa-zamek.pl\/wp-content\/uploads\/2019\/08\/kal_14-150x150.jpg\" alt=\"\" width=\"150\" height=\"150\" srcset=\"http:\/\/willa-zamek.pl\/wp-content\/uploads\/2019\/08\/kal_14-150x150.jpg 150w, http:\/\/willa-zamek.pl\/wp-content\/uploads\/2019\/08\/kal_14-510x510.jpg 510w\" sizes=\"auto, (max-width: 150px) 100vw, 150px\" \/><\/a><\/p>\n<hr \/>\n<p>Wi\u0119cej informacji na stronie klasztoru:\u00a0<a href=\"http:\/\/kalwaria.eu\" target=\"_blank\" rel=\"noopener noreferrer\">http:\/\/kalwaria.eu<\/a><\/p>\n","protected":false},"excerpt":{"rendered":"<p>Wielk\u0105 atrakcj\u0105 naszej okolicy jest bez w\u0105tpienia zesp\u00f3\u0142 sakralny Kalwarii Zebrzydowskiej, z XVII wiecznym klasztorem oraz przepi\u0119knie po\u0142o\u017conym uk\u0142adem kalwaryjskich dr\u00f3\u017cek p\u0105tniczych. Do samego klasztoru mo\u017cna doj\u015b\u0107 z Lanckorony w ci\u0105gu godziny, natomiast obej\u015bcie wszystkich kapliczek rozsianych po okolicznych wzniesieniach mo\u017ce zabra\u0107 nawet ca\u0142y dzie\u0144. Warto jednak po\u015bwi\u0119ci\u0107 ten czas, gdy\u017c nie b\u0119dzie on z [&hellip;]<\/p>\n","protected":false},"author":1,"featured_media":0,"parent":51,"menu_order":0,"comment_status":"closed","ping_status":"closed","template":"","meta":{"footnotes":""},"class_list":["post-321","page","type-page","status-publish","czr-hentry"],"yoast_head":"<!-- This site is optimized with the Yoast SEO plugin v25.7 - https:\/\/yoast.com\/wordpress\/plugins\/seo\/ -->\n<title>Kalwaria Zebrzydowska -<\/title>\n<meta name=\"robots\" content=\"index, follow, max-snippet:-1, max-image-preview:large, max-video-preview:-1\" \/>\n<link rel=\"canonical\" href=\"https:\/\/willa-zamek.pl\/?page_id=321\" \/>\n<meta property=\"og:locale\" content=\"pl_PL\" \/>\n<meta property=\"og:type\" content=\"article\" \/>\n<meta property=\"og:title\" content=\"Kalwaria Zebrzydowska -\" \/>\n<meta property=\"og:description\" content=\"Wielk\u0105 atrakcj\u0105 naszej okolicy jest bez w\u0105tpienia zesp\u00f3\u0142 sakralny Kalwarii Zebrzydowskiej, z XVII wiecznym klasztorem oraz przepi\u0119knie po\u0142o\u017conym uk\u0142adem kalwaryjskich dr\u00f3\u017cek p\u0105tniczych. Do samego klasztoru mo\u017cna doj\u015b\u0107 z Lanckorony w ci\u0105gu godziny, natomiast obej\u015bcie wszystkich kapliczek rozsianych po okolicznych wzniesieniach mo\u017ce zabra\u0107 nawet ca\u0142y dzie\u0144. Warto jednak po\u015bwi\u0119ci\u0107 ten czas, gdy\u017c nie b\u0119dzie on z [&hellip;]\" \/>\n<meta property=\"og:url\" content=\"https:\/\/willa-zamek.pl\/?page_id=321\" \/>\n<meta property=\"article:publisher\" content=\"https:\/\/www.facebook.com\/Willa-Zamek-194618793908397\/\" \/>\n<meta property=\"article:modified_time\" content=\"2025-01-11T10:00:30+00:00\" \/>\n<meta property=\"og:image\" content=\"http:\/\/willa-zamek.pl\/wp-content\/uploads\/2019\/08\/kal_07-225x300.jpg\" \/>\n<meta name=\"twitter:card\" content=\"summary_large_image\" \/>\n<meta name=\"twitter:label1\" content=\"Szacowany czas czytania\" \/>\n\t<meta name=\"twitter:data1\" content=\"1 minuta\" \/>\n<script type=\"application\/ld+json\" class=\"yoast-schema-graph\">{\"@context\":\"https:\/\/schema.org\",\"@graph\":[{\"@type\":\"WebPage\",\"@id\":\"https:\/\/willa-zamek.pl\/?page_id=321\",\"url\":\"https:\/\/willa-zamek.pl\/?page_id=321\",\"name\":\"Kalwaria Zebrzydowska -\",\"isPartOf\":{\"@id\":\"https:\/\/willa-zamek.pl\/#website\"},\"primaryImageOfPage\":{\"@id\":\"https:\/\/willa-zamek.pl\/?page_id=321#primaryimage\"},\"image\":{\"@id\":\"https:\/\/willa-zamek.pl\/?page_id=321#primaryimage\"},\"thumbnailUrl\":\"http:\/\/willa-zamek.pl\/wp-content\/uploads\/2019\/08\/kal_07-225x300.jpg\",\"datePublished\":\"2019-08-31T18:31:40+00:00\",\"dateModified\":\"2025-01-11T10:00:30+00:00\",\"breadcrumb\":{\"@id\":\"https:\/\/willa-zamek.pl\/?page_id=321#breadcrumb\"},\"inLanguage\":\"pl-PL\",\"potentialAction\":[{\"@type\":\"ReadAction\",\"target\":[\"https:\/\/willa-zamek.pl\/?page_id=321\"]}]},{\"@type\":\"ImageObject\",\"inLanguage\":\"pl-PL\",\"@id\":\"https:\/\/willa-zamek.pl\/?page_id=321#primaryimage\",\"url\":\"http:\/\/willa-zamek.pl\/wp-content\/uploads\/2019\/08\/kal_07.jpg\",\"contentUrl\":\"http:\/\/willa-zamek.pl\/wp-content\/uploads\/2019\/08\/kal_07.jpg\",\"width\":810,\"height\":1080},{\"@type\":\"BreadcrumbList\",\"@id\":\"https:\/\/willa-zamek.pl\/?page_id=321#breadcrumb\",\"itemListElement\":[{\"@type\":\"ListItem\",\"position\":1,\"name\":\"Strona g\u0142\u00f3wna\",\"item\":\"https:\/\/willa-zamek.pl\/\"},{\"@type\":\"ListItem\",\"position\":2,\"name\":\"Okolica\",\"item\":\"https:\/\/willa-zamek.pl\/?page_id=51\"},{\"@type\":\"ListItem\",\"position\":3,\"name\":\"Kalwaria Zebrzydowska\"}]},{\"@type\":\"WebSite\",\"@id\":\"https:\/\/willa-zamek.pl\/#website\",\"url\":\"https:\/\/willa-zamek.pl\/\",\"name\":\"\",\"description\":\"\",\"publisher\":{\"@id\":\"https:\/\/willa-zamek.pl\/#organization\"},\"potentialAction\":[{\"@type\":\"SearchAction\",\"target\":{\"@type\":\"EntryPoint\",\"urlTemplate\":\"https:\/\/willa-zamek.pl\/?s={search_term_string}\"},\"query-input\":{\"@type\":\"PropertyValueSpecification\",\"valueRequired\":true,\"valueName\":\"search_term_string\"}}],\"inLanguage\":\"pl-PL\"},{\"@type\":\"Organization\",\"@id\":\"https:\/\/willa-zamek.pl\/#organization\",\"name\":\"Willa Zamek Lanckorona\",\"url\":\"https:\/\/willa-zamek.pl\/\",\"logo\":{\"@type\":\"ImageObject\",\"inLanguage\":\"pl-PL\",\"@id\":\"https:\/\/willa-zamek.pl\/#\/schema\/logo\/image\/\",\"url\":\"http:\/\/willa-zamek.pl\/wp-content\/uploads\/2021\/03\/wz_logo_0.png\",\"contentUrl\":\"http:\/\/willa-zamek.pl\/wp-content\/uploads\/2021\/03\/wz_logo_0.png\",\"width\":1400,\"height\":758,\"caption\":\"Willa Zamek Lanckorona\"},\"image\":{\"@id\":\"https:\/\/willa-zamek.pl\/#\/schema\/logo\/image\/\"},\"sameAs\":[\"https:\/\/www.facebook.com\/Willa-Zamek-194618793908397\/\"]}]}<\/script>\n<!-- \/ Yoast SEO plugin. -->","yoast_head_json":{"title":"Kalwaria Zebrzydowska -","robots":{"index":"index","follow":"follow","max-snippet":"max-snippet:-1","max-image-preview":"max-image-preview:large","max-video-preview":"max-video-preview:-1"},"canonical":"https:\/\/willa-zamek.pl\/?page_id=321","og_locale":"pl_PL","og_type":"article","og_title":"Kalwaria Zebrzydowska -","og_description":"Wielk\u0105 atrakcj\u0105 naszej okolicy jest bez w\u0105tpienia zesp\u00f3\u0142 sakralny Kalwarii Zebrzydowskiej, z XVII wiecznym klasztorem oraz przepi\u0119knie po\u0142o\u017conym uk\u0142adem kalwaryjskich dr\u00f3\u017cek p\u0105tniczych. Do samego klasztoru mo\u017cna doj\u015b\u0107 z Lanckorony w ci\u0105gu godziny, natomiast obej\u015bcie wszystkich kapliczek rozsianych po okolicznych wzniesieniach mo\u017ce zabra\u0107 nawet ca\u0142y dzie\u0144. Warto jednak po\u015bwi\u0119ci\u0107 ten czas, gdy\u017c nie b\u0119dzie on z [&hellip;]","og_url":"https:\/\/willa-zamek.pl\/?page_id=321","article_publisher":"https:\/\/www.facebook.com\/Willa-Zamek-194618793908397\/","article_modified_time":"2025-01-11T10:00:30+00:00","og_image":[{"url":"http:\/\/willa-zamek.pl\/wp-content\/uploads\/2019\/08\/kal_07-225x300.jpg","type":"","width":"","height":""}],"twitter_card":"summary_large_image","twitter_misc":{"Szacowany czas czytania":"1 minuta"},"schema":{"@context":"https:\/\/schema.org","@graph":[{"@type":"WebPage","@id":"https:\/\/willa-zamek.pl\/?page_id=321","url":"https:\/\/willa-zamek.pl\/?page_id=321","name":"Kalwaria Zebrzydowska -","isPartOf":{"@id":"https:\/\/willa-zamek.pl\/#website"},"primaryImageOfPage":{"@id":"https:\/\/willa-zamek.pl\/?page_id=321#primaryimage"},"image":{"@id":"https:\/\/willa-zamek.pl\/?page_id=321#primaryimage"},"thumbnailUrl":"http:\/\/willa-zamek.pl\/wp-content\/uploads\/2019\/08\/kal_07-225x300.jpg","datePublished":"2019-08-31T18:31:40+00:00","dateModified":"2025-01-11T10:00:30+00:00","breadcrumb":{"@id":"https:\/\/willa-zamek.pl\/?page_id=321#breadcrumb"},"inLanguage":"pl-PL","potentialAction":[{"@type":"ReadAction","target":["https:\/\/willa-zamek.pl\/?page_id=321"]}]},{"@type":"ImageObject","inLanguage":"pl-PL","@id":"https:\/\/willa-zamek.pl\/?page_id=321#primaryimage","url":"http:\/\/willa-zamek.pl\/wp-content\/uploads\/2019\/08\/kal_07.jpg","contentUrl":"http:\/\/willa-zamek.pl\/wp-content\/uploads\/2019\/08\/kal_07.jpg","width":810,"height":1080},{"@type":"BreadcrumbList","@id":"https:\/\/willa-zamek.pl\/?page_id=321#breadcrumb","itemListElement":[{"@type":"ListItem","position":1,"name":"Strona g\u0142\u00f3wna","item":"https:\/\/willa-zamek.pl\/"},{"@type":"ListItem","position":2,"name":"Okolica","item":"https:\/\/willa-zamek.pl\/?page_id=51"},{"@type":"ListItem","position":3,"name":"Kalwaria Zebrzydowska"}]},{"@type":"WebSite","@id":"https:\/\/willa-zamek.pl\/#website","url":"https:\/\/willa-zamek.pl\/","name":"","description":"","publisher":{"@id":"https:\/\/willa-zamek.pl\/#organization"},"potentialAction":[{"@type":"SearchAction","target":{"@type":"EntryPoint","urlTemplate":"https:\/\/willa-zamek.pl\/?s={search_term_string}"},"query-input":{"@type":"PropertyValueSpecification","valueRequired":true,"valueName":"search_term_string"}}],"inLanguage":"pl-PL"},{"@type":"Organization","@id":"https:\/\/willa-zamek.pl\/#organization","name":"Willa Zamek Lanckorona","url":"https:\/\/willa-zamek.pl\/","logo":{"@type":"ImageObject","inLanguage":"pl-PL","@id":"https:\/\/willa-zamek.pl\/#\/schema\/logo\/image\/","url":"http:\/\/willa-zamek.pl\/wp-content\/uploads\/2021\/03\/wz_logo_0.png","contentUrl":"http:\/\/willa-zamek.pl\/wp-content\/uploads\/2021\/03\/wz_logo_0.png","width":1400,"height":758,"caption":"Willa Zamek Lanckorona"},"image":{"@id":"https:\/\/willa-zamek.pl\/#\/schema\/logo\/image\/"},"sameAs":["https:\/\/www.facebook.com\/Willa-Zamek-194618793908397\/"]}]}},"_links":{"self":[{"href":"http:\/\/willa-zamek.pl\/index.php?rest_route=\/wp\/v2\/pages\/321","targetHints":{"allow":["GET"]}}],"collection":[{"href":"http:\/\/willa-zamek.pl\/index.php?rest_route=\/wp\/v2\/pages"}],"about":[{"href":"http:\/\/willa-zamek.pl\/index.php?rest_route=\/wp\/v2\/types\/page"}],"author":[{"embeddable":true,"href":"http:\/\/willa-zamek.pl\/index.php?rest_route=\/wp\/v2\/users\/1"}],"replies":[{"embeddable":true,"href":"http:\/\/willa-zamek.pl\/index.php?rest_route=%2Fwp%2Fv2%2Fcomments&post=321"}],"version-history":[{"count":22,"href":"http:\/\/willa-zamek.pl\/index.php?rest_route=\/wp\/v2\/pages\/321\/revisions"}],"predecessor-version":[{"id":759,"href":"http:\/\/willa-zamek.pl\/index.php?rest_route=\/wp\/v2\/pages\/321\/revisions\/759"}],"up":[{"embeddable":true,"href":"http:\/\/willa-zamek.pl\/index.php?rest_route=\/wp\/v2\/pages\/51"}],"wp:attachment":[{"href":"http:\/\/willa-zamek.pl\/index.php?rest_route=%2Fwp%2Fv2%2Fmedia&parent=321"}],"curies":[{"name":"wp","href":"https:\/\/api.w.org\/{rel}","templated":true}]}}