{"id":560,"date":"2020-12-16T15:59:38","date_gmt":"2020-12-16T15:59:38","guid":{"rendered":"http:\/\/willa-zamek.pl\/?page_id=560"},"modified":"2025-01-10T20:31:58","modified_gmt":"2025-01-10T20:31:58","slug":"memorial","status":"publish","type":"page","link":"http:\/\/willa-zamek.pl\/?page_id=560","title":{"rendered":"Memorial"},"content":{"rendered":"<p><strong>Pani Basia Bodnarowa<\/strong><\/p>\n<p>Moja Mama&#8230; od dawna, od dnia jej \u015bmierci chcia\u0142am napisa\u0107\u00a0 o Niej , przyblizy\u0107 jej posta\u0107 go\u015bciom odwiedzaj\u0105cym nasz dom, kt\u00f3rzy pami\u0119tali j\u0105 z dawnych lat jak i osobom kt\u00f3rym kojarzy\u0142a si\u0119 ju\u017c tylko ze starsz\u0105 Pani\u0105 wygrzewaj\u0105ca si\u0119 na s\u0142oncu , na \u0142aweczce przed domem. By\u0142o to jednak ponad moje si\u0142y. Tyle prze\u017cy\u0107, wspomnie\u0144, wydarze\u0144 a wszystkie wa\u017cne gdy tycz\u0105 osoby kt\u00f3rej ju\u017c nie ma. Czas mija\u0142 i nic&#8230;a\u017c pewnego dnia moja przyjaci\u00f3\u0142ka Irena Zguda &#8211; znana wielu osobom przez swe cudne wycinanki &#8211; zapyta\u0142a o mo\u017cliwo\u015b\u0107 napisania tekstu o Mamie do kolejnego numeru Kuriera Lanckoro\u0144skiego. Bardzo si\u0119 ucieszy\u0142am z tego pomys\u0142u gdy\u017c Irenka to osoba kt\u00f3ra doskonale zna\u0142a moj\u0105 Mam\u0119 i histori\u0119 domu. Tak wi\u0119c powsta\u0142 tekst kt\u00f3ry ukaza\u0142 si\u0119 w wiosennym wydaniu tego\u017c pisma w 2021 roku a za zgod\u0105 autorki przedstawiam go poni\u017cej.\u00a0 Willa Zamek trwa i wierz\u0119, \u017ce Mama nadal wype\u0142nia go swoim duchowym ciep\u0142em ale fizycznie brak jej bardzo. By\u0142a dla mnie si\u0142aczk\u0105 dzwigaj\u0105c\u0105 na swych barkach w czasach komuny ci\u0119\u017car utrzymania domu, ogrodu i rodziny, a w p\u00f3zniejszych latach b\u0119d\u0105c\u0105 ogromn\u0105 pomoc\u0105 i wsparciem dla mnie.<\/p>\n<p>Dzi\u0119kuj\u0119 Mamusiu<\/p>\n<p>Tatiana Bodnar<\/p>\n<figure id=\"attachment_590\" aria-describedby=\"caption-attachment-590\" style=\"width: 312px\" class=\"wp-caption alignleft\"><a href=\"http:\/\/willa-zamek.pl\/wp-content\/uploads\/2021\/03\/Barbara_Bodnar_04.jpg\"><img loading=\"lazy\" decoding=\"async\" class=\"wp-image-590\" src=\"http:\/\/willa-zamek.pl\/wp-content\/uploads\/2021\/03\/Barbara_Bodnar_04-639x1024.jpg\" alt=\"\" width=\"312\" height=\"500\" srcset=\"http:\/\/willa-zamek.pl\/wp-content\/uploads\/2021\/03\/Barbara_Bodnar_04-639x1024.jpg 639w, http:\/\/willa-zamek.pl\/wp-content\/uploads\/2021\/03\/Barbara_Bodnar_04-187x300.jpg 187w, http:\/\/willa-zamek.pl\/wp-content\/uploads\/2021\/03\/Barbara_Bodnar_04-570x914.jpg 570w, http:\/\/willa-zamek.pl\/wp-content\/uploads\/2021\/03\/Barbara_Bodnar_04.jpg 756w\" sizes=\"auto, (max-width: 312px) 100vw, 312px\" \/><\/a><figcaption id=\"caption-attachment-590\" class=\"wp-caption-text\">Weso\u0142a pani Basia<\/figcaption><\/figure>\n<p style=\"text-align: justify;\">Kiedy my\u015bl\u0119 o pani Basi mam wra\u017cenie, \u017ce wy\u0142ania si\u0119 gdzie\u015b z ogrodu zza krzew\u00f3w r\u00f3\u017c po kt\u00f3re dawniej przychodzili uczniowie na zako\u0144czenie roku szkolnego. Widz\u0119 j\u0105 te\u017c jak stoi pochylona nad kuchni\u0105 i przygotowuje wspania\u0142e przysmaki dla swoich pensjonatowych go\u015bci. Albo z anielsk\u0105 wr\u0119cz cierpliwo\u015bci\u0105 oczekuje na sp\u00f3\u017anialskich wielokrotnie podgrzewaj\u0105c kolacj\u0119, a potem z promiennym u\u015bmiechem wita ich jakby przyszli punktualnie.<\/p>\n<p>Oto fragment wpisu do z ksi\u0119gi pami\u0105tkowej Stanis\u0142awy Zawiszanki z 16 VII 1991r.<\/p>\n<p style=\"text-align: justify;\">&#8222;Pani Basie\u0144ko. Wpisuj\u0119 si\u0119 do tej ksi\u0119gi, kt\u00f3ra ju\u017c nie jednego przetrwa\u0142a, aby da\u0107 wyraz wdzi\u0119czno\u015bci za to, \u017ce Pani jest taka jaka jest. Wspania\u0142a matka czaruj\u0105cych dzieci &#8211; pe\u0142na godno\u015bci i taktu Pani Domu. Nigdzie nie czuj\u0119 si\u0119 tak dobrze jak w Zamku &#8230; &#8222;<\/p>\n<p style=\"text-align: justify;\">Pani Barbara urodzi\u0142a si\u0119 15 marca 1932 roku w Krakowie jako c\u00f3rka Jadwigi z domu Dziewo\u0144ska i Tadeusza Lorenza. Mieszka\u0142a w\u00f3wczas z starszym bratem i rodzicami w wystawionej przez ojca\u00a0 willi &#8222;Tadeusz&#8221;. Czas edukacji szkolnej przypad\u0142, jak ca\u0142emu jej poZkoleniu, na okres II wojny \u015bwiatowej. Do 1943 uczy\u0142a si\u0119 w Klasowej Polskiej Szkole Podstawowej w Lanckoronie. [fr. \u015bwiadectwa] P\u00f3\u017aniej, kiedy okupanci niemieccy zamkn\u0119li szko\u0142y, ucz\u0119szcza\u0142a na organizowane w Lanckoronie, tajne komplety.<\/p>\n<p style=\"text-align: justify;\">Po wojnie w 1947 roku ko\u0144czy Gimnazjum Og\u00f3lnokszta\u0142c\u0105ce w Krakowie. Kontynuuje nauk\u0119 w Liceum Administracyjnym. Po uko\u0144czeniu nauki w 1949 roku, wraca z Krakowa do domu. Pracuje w &#8222;Winiarni&#8221; w Brodach, a p\u00f3\u017aniej w Szewskiej Sp\u00f3\u0142dzielni w Lanckoronie.<\/p>\n<figure id=\"attachment_592\" aria-describedby=\"caption-attachment-592\" style=\"width: 327px\" class=\"wp-caption alignright\"><img loading=\"lazy\" decoding=\"async\" class=\"wp-image-592\" src=\"http:\/\/willa-zamek.pl\/wp-content\/uploads\/2021\/03\/Barbara_Bodnar_02-196x300.jpg\" alt=\"\" width=\"327\" height=\"500\" srcset=\"http:\/\/willa-zamek.pl\/wp-content\/uploads\/2021\/03\/Barbara_Bodnar_02-196x300.jpg 196w, http:\/\/willa-zamek.pl\/wp-content\/uploads\/2021\/03\/Barbara_Bodnar_02-768x1175.jpg 768w, http:\/\/willa-zamek.pl\/wp-content\/uploads\/2021\/03\/Barbara_Bodnar_02-669x1024.jpg 669w, http:\/\/willa-zamek.pl\/wp-content\/uploads\/2021\/03\/Barbara_Bodnar_02-570x869.jpg 570w, http:\/\/willa-zamek.pl\/wp-content\/uploads\/2021\/03\/Barbara_Bodnar_02.jpg 770w\" sizes=\"auto, (max-width: 327px) 100vw, 327px\" \/><figcaption id=\"caption-attachment-592\" class=\"wp-caption-text\">Pani Basia i malutki piesek<\/figcaption><\/figure>\n<p style=\"text-align: justify;\">W tamtym czasie jej najwi\u0119ksz\u0105 pasj\u0105 jest pisanie. Lekko\u015b\u0107 pi\u00f3ra, wyobra\u017ania i oczytanie sprawiaj\u0105, \u017ce z \u0142atwo\u015bci\u0105 przelewa na papier swoje my\u015bli i wydarzenia. Pisze pami\u0119tniki, opowiadania &#8230; powi\u0119ksza si\u0119 te\u017c grono jej czytelnik\u00f3w. Wreszcie w pierwszej po\u0142owie lat 50 &#8211; tych ma ju\u017c poka\u017any dorobek literacki i zostaje przyj\u0119ta do Ko\u0142a M\u0142odych Literat\u00f3w dzia\u0142aj\u0105cym przy Zwi\u0105zku Literat\u00f3w Polskich w Krakowie. Tu pojawia si\u0119 obraz m\u0142odej pani Basi pochylonej nad maszyn\u0105 do pisania i z szerok\u0105 perspektyw\u0105 kariery literackiej. Jednak \u017cycie napisa\u0142o inny scenariusz.<\/p>\n<p style=\"text-align: justify;\">W roku 1959 w willi Zamek, w kt\u00f3rej zamieszka\u0142y z mam\u0105 Jadwig\u0105, wybuch\u0142 po\u017car. By\u0142 gor\u0105cy sierpniowy dzie\u0144, pe\u0142nia sezonu. Pani Basia ze swoim narzeczonym Ryszardem Bodnarem sp\u0119dzali czas na g\u00f3rnym tarasie, kt\u00f3ry by\u0142 jednocze\u015bnie cz\u0119\u015bci\u0105 dachu.\/Nie zachowa\u0142y si\u0119 zdj\u0119cia tamtego domu\/. W pewnym momencie poczuli sw\u0105d. Zbiegli na d\u00f3\u0142 i to ich uratowa\u0142o, poniewa\u017c gwa\u0142townie rozprzestrzeniaj\u0105cy si\u0119 ogie\u0144 odci\u0105\u0142by im drog\u0119. Przyczyn\u0105 po\u017caru okaza\u0142a si\u0119 maszynka z gotuj\u0105cym si\u0119 mlekiem i kanister z benzyn\u0105 pozostawione w pokoju przez go\u015bci. Sp\u0142on\u0119\u0142a g\u00f3rna cz\u0119\u015b\u0107 budynku.<\/p>\n<p style=\"text-align: justify;\">W listopadzie tego samego roku pa\u0144stwo Bodnarowie we Wroc\u0142awiu bior\u0105 \u015blub cywilny, gdzie mieszkaj\u0105 rodzice m\u0119\u017ca, repatrianci ze Lwowa. M\u0142odzi \u015blub ko\u015bcielny bior\u0105 zim\u0105 w Lanckoronie. We Wroc\u0142awiu pracuj\u0105, zarabiaj\u0105c na odbudow\u0119 Zamku.<\/p>\n<p style=\"text-align: justify;\">Po roku wracaj\u0105. Odbudowa domu, ogr\u00f3d, go\u015bcie, narodziny dzieci odwracaj\u0105 zarysowan\u0105 wcze\u015bniej perspektyw\u0119 literack\u0105. Do tego m\u0105\u017c pani Basi anga\u017cuje si\u0119 w tutejsze \u017cycie spo\u0142eczne. Ma swoje ciekawe wizje i plany, kt\u00f3re nie s\u0105 po my\u015bli \u00f3wczesnej w\u0142adzy ludowej. Mimo powa\u017cnych problem\u00f3w zdrowotnych protestuje, prowadz\u0105c g\u0142od\u00f3wk\u0119. Nie wp\u0142ywa to dobrze na jego kondycj\u0119 zdrowotn\u0105. Pani Barbara po sezonie, \u017ceby wesprze\u0107 bud\u017cet domowy, na maszynie dziewiarskiej robi swetry, szaliki i czapki.<\/p>\n<figure id=\"attachment_591\" aria-describedby=\"caption-attachment-591\" style=\"width: 353px\" class=\"wp-caption alignleft\"><img loading=\"lazy\" decoding=\"async\" class=\"wp-image-591\" src=\"http:\/\/willa-zamek.pl\/wp-content\/uploads\/2021\/03\/Barbara_Bodnar_01-212x300.jpg\" alt=\"\" width=\"353\" height=\"500\" srcset=\"http:\/\/willa-zamek.pl\/wp-content\/uploads\/2021\/03\/Barbara_Bodnar_01-212x300.jpg 212w, http:\/\/willa-zamek.pl\/wp-content\/uploads\/2021\/03\/Barbara_Bodnar_01-768x1089.jpg 768w, http:\/\/willa-zamek.pl\/wp-content\/uploads\/2021\/03\/Barbara_Bodnar_01-722x1024.jpg 722w, http:\/\/willa-zamek.pl\/wp-content\/uploads\/2021\/03\/Barbara_Bodnar_01-570x808.jpg 570w, http:\/\/willa-zamek.pl\/wp-content\/uploads\/2021\/03\/Barbara_Bodnar_01.jpg 804w\" sizes=\"auto, (max-width: 353px) 100vw, 353px\" \/><figcaption id=\"caption-attachment-591\" class=\"wp-caption-text\">Pani Basia i dzieci<\/figcaption><\/figure>\n<p style=\"text-align: justify;\">Trudno w to uwierzy\u0107, ale w tamtych czasach nie znosi gotowania. W pensjonacie zawsze zatrudniano kuchark\u0119. Przez lata by\u0142a to pani J\u00f3zia, bardzo oddana, traktowana jak cz\u0142onek rodziny. Kiedy posun\u0119\u0142a si\u0119 w latach zatrudniono pewn\u0105 osob\u0119 z Lanckorony. Kt\u00f3rego\u015b razu zawiod\u0142a, w ostatniej chwili odm\u00f3wi\u0142a, bo znalaz\u0142a prac\u0119 w nowo otwartej w\u00f3wczas &#8222;Sielance&#8221;. To by\u0142 szok. Nast\u0119pnego dnia mia\u0142 by\u0107 przygotowany obiad dla 60 os\u00f3b. Pani Barbara podj\u0119\u0142a to wyzwanie. Nocami studiowa\u0142a ksi\u0105\u017ck\u0119 kucharsk\u0105 i tak si\u0119 potoczy\u0142o &#8230; Tymczasem choroba m\u0119\u017ca pog\u0142\u0119bia\u0142a si\u0119. Mia\u0142 problem z nerkami. Szpitale, kliniki, najlepsi specjali\u015bci, nie da\u0142o si\u0119 go uratowa\u0107. Umiera 15 lipca 1976 roku. Pani Barbara zostaje z dwojgiem dzieci, 13 &#8211; letnim Robertem i 5 &#8211; letni\u0105 Tatian\u0105. Z mam\u0105 Jadwig\u0105 dalej prowadzi pensjonat.<\/p>\n<p style=\"text-align: justify;\">Jeszcze jest ogr\u00f3d. Wspania\u0142y, pi\u0119kny z unikatowymi okazami przyrodniczymi. Najstarsze z nich posadzone przez dziadka na pocz\u0105tku lat dwudziestych XX wieku, takie jak klon Shirasawy czyli japo\u0144ski, starodawne cisy, derenie i inne. S\u0105 r\u00f3wnie\u017c okazy posadzone przez m\u0142odych pasjonat\u00f3w ogrodnictwa czyli pani\u0105 Barbar\u0119 i jej m\u0119\u017ca, kt\u00f3rzy nawi\u0105zali kontakty z ogrodami botanicznymi, arboretami \/mi\u0119dzy innymi w K\u00f3rniku\/, sk\u0105d otrzymywali sadzonki rzadkich w\u00f3wczas drzew i krzew\u00f3w, np. kwitn\u0105cy zim\u0105 oczar wirginijski.<\/p>\n<p style=\"text-align: justify;\">Z Ogrodu Botanicznego Uniwersytetu Jagiello\u0144skiego dostali rarytas sadzonk\u0119 metasekwoi chi\u0144skiej, kt\u00f3ra do II wojny \u015bwiatowej uznawana by\u0142a za wymar\u0142\u0105. Odnaleziono j\u0105 w trudno dost\u0119pnych rejonach Chin i rozprowadzono po \u015bwiecie. Co roku sk\u0142adali sprawozdanie z jej aklimatyzacji w naszym rejonie. Metasekwoja ro\u015bnie do dzi\u015b.<\/p>\n<figure id=\"attachment_593\" aria-describedby=\"caption-attachment-593\" style=\"width: 353px\" class=\"wp-caption alignright\"><a href=\"http:\/\/willa-zamek.pl\/wp-content\/uploads\/2021\/03\/Barbara_Bodnar_03.jpg\"><img loading=\"lazy\" decoding=\"async\" class=\"wp-image-593\" src=\"http:\/\/willa-zamek.pl\/wp-content\/uploads\/2021\/03\/Barbara_Bodnar_03-186x300.jpg\" alt=\"\" width=\"353\" height=\"570\" srcset=\"http:\/\/willa-zamek.pl\/wp-content\/uploads\/2021\/03\/Barbara_Bodnar_03-186x300.jpg 186w, http:\/\/willa-zamek.pl\/wp-content\/uploads\/2021\/03\/Barbara_Bodnar_03-768x1239.jpg 768w, http:\/\/willa-zamek.pl\/wp-content\/uploads\/2021\/03\/Barbara_Bodnar_03-635x1024.jpg 635w, http:\/\/willa-zamek.pl\/wp-content\/uploads\/2021\/03\/Barbara_Bodnar_03-570x920.jpg 570w, http:\/\/willa-zamek.pl\/wp-content\/uploads\/2021\/03\/Barbara_Bodnar_03.jpg 792w\" sizes=\"auto, (max-width: 353px) 100vw, 353px\" \/><\/a><figcaption id=\"caption-attachment-593\" class=\"wp-caption-text\">. . .<\/figcaption><\/figure>\n<p style=\"text-align: justify;\">Ogr\u00f3d wymaga ci\u0119\u017ckiej, fizycznej pracy. Opr\u00f3cz wymienionych okaz\u00f3w zawsze uprawiane by\u0142y jarzyny, owoce i kwiaty, czyste bez chemii i wszelkich paskudztw cywilizacyjnych. Pani Barbara plewi, okopuje, stawia murki, kamienne schody na alejkach, kopie fundamenty pod budow\u0119 cz\u0119\u015bci mieszkalnej i senitariat\u00f3w Zamku. Niestrudzona, pracowita, \u017cyczliwa ka\u017cdemu cz\u0142owiekowi, co tam, ka\u017cdej \u017cywej istocie. Marzenia o literaturze przela\u0142y si\u0119 w pi\u0119kno i urokliw\u0105 atmosfer\u0119 miejsca, kt\u00f3re kreowa\u0142a przez dziesi\u0119ciolecia. St\u0105d inni mogli czerpa\u0107 inspiracje do swoich utwor\u00f3w.<\/p>\n<p><em>&#8222;Widok z balkonu willi w Lanckoronie<\/em><br \/>\n<em>To panorama bitwy zwyci\u0119\u017conej<\/em><br \/>\n<em>Pola przez kt\u00f3re nie pop\u0119dz\u0105 konie<\/em><br \/>\n<em>p\u00f3ki nie b\u0119dzie zbo\u017ce wykoszone &#8230;&#8221;<\/em><br \/>\nMarek Grechuta &#8222;Lanckorona&#8221;<\/p>\n<p style=\"text-align: justify;\">W Zamku bywa\u0142o wielu znakomitych go\u015bci: Czes\u0142aw Rzepi\u0144ski, Jerzy Nowosielski, Wojciech Pszoniak, Kazimierz Wi\u015bniak, Konrad Swinarski, Jerzy Broszkiewicz, Jerzy Radziwi\u0142owicz, Alicja Bienicewicz. Wielokrotnie przyje\u017cd\u017ca\u0142 Andrzej Wajda z \u017con\u0105 Krystyn\u0105 Zachwatowicz, kt\u00f3ra latem 1983 roku, w dow\u00f3d wdzi\u0119czno\u015bci, sportretowa\u0142a pani\u0105 Basi\u0119 i jej dzieci.<\/p>\n<p style=\"text-align: justify;\">W roku 2020 czas pani Barbary si\u0119 wype\u0142ni\u0142. Cz\u0119sto m\u00f3wi\u0142a ze zdziwieniem, \u017ce nie spodziewa\u0142a si\u0119 doczeka\u0107 tak p\u00f3\u017anego wieku. 27 pa\u017adziernika w pi\u0119kny jesienny dzie\u0144, w samo po\u0142udnie odesz\u0142a od nas na zawsze. Pogrzeb odby\u0142 si\u0119 w Ko\u015bci\u00f3\u0142ku na zabytkowym cmentarzu w Lanckoronie. Urna z prochami spocz\u0119\u0142a w grobie matki Jadwigi i babci Wandy. Mn\u00f3stwo kolorowych kwiat\u00f3w otuli\u0142o pani\u0105 Basi\u0119 jakby tyle lat piel\u0119gnowany przez ni\u0105 ogr\u00f3d te\u017c przyszed\u0142 j\u0105 po\u017cegna\u0107.<\/p>\n<p>&nbsp;<\/p>\n<p><em>Tekst zredagowa\u0142a: Irena Zguda<\/em><\/p>\n","protected":false},"excerpt":{"rendered":"<p>Pani Basia Bodnarowa Moja Mama&#8230; od dawna, od dnia jej \u015bmierci chcia\u0142am napisa\u0107\u00a0 o Niej , przyblizy\u0107 jej posta\u0107 go\u015bciom odwiedzaj\u0105cym nasz dom, kt\u00f3rzy pami\u0119tali j\u0105 z dawnych lat jak i osobom kt\u00f3rym kojarzy\u0142a si\u0119 ju\u017c tylko ze starsz\u0105 Pani\u0105 wygrzewaj\u0105ca si\u0119 na s\u0142oncu , na \u0142aweczce przed domem. By\u0142o to jednak ponad moje si\u0142y. [&hellip;]<\/p>\n","protected":false},"author":1,"featured_media":561,"parent":0,"menu_order":0,"comment_status":"closed","ping_status":"closed","template":"","meta":{"footnotes":""},"class_list":["post-560","page","type-page","status-publish","has-post-thumbnail","czr-hentry"],"yoast_head":"<!-- This site is optimized with the Yoast SEO plugin v25.7 - https:\/\/yoast.com\/wordpress\/plugins\/seo\/ -->\n<title>Memorial -<\/title>\n<meta name=\"robots\" content=\"index, follow, max-snippet:-1, max-image-preview:large, max-video-preview:-1\" \/>\n<link rel=\"canonical\" href=\"http:\/\/willa-zamek.pl\/?page_id=560\" \/>\n<meta property=\"og:locale\" content=\"pl_PL\" \/>\n<meta property=\"og:type\" content=\"article\" \/>\n<meta property=\"og:title\" content=\"Memorial -\" \/>\n<meta property=\"og:description\" content=\"Pani Basia Bodnarowa Moja Mama&#8230; od dawna, od dnia jej \u015bmierci chcia\u0142am napisa\u0107\u00a0 o Niej , przyblizy\u0107 jej posta\u0107 go\u015bciom odwiedzaj\u0105cym nasz dom, kt\u00f3rzy pami\u0119tali j\u0105 z dawnych lat jak i osobom kt\u00f3rym kojarzy\u0142a si\u0119 ju\u017c tylko ze starsz\u0105 Pani\u0105 wygrzewaj\u0105ca si\u0119 na s\u0142oncu , na \u0142aweczce przed domem. By\u0142o to jednak ponad moje si\u0142y. [&hellip;]\" \/>\n<meta property=\"og:url\" content=\"http:\/\/willa-zamek.pl\/?page_id=560\" \/>\n<meta property=\"article:publisher\" content=\"https:\/\/www.facebook.com\/Willa-Zamek-194618793908397\/\" \/>\n<meta property=\"article:modified_time\" content=\"2025-01-10T20:31:58+00:00\" \/>\n<meta property=\"og:image\" content=\"http:\/\/willa-zamek.pl\/wp-content\/uploads\/2020\/12\/Barbara_ico.jpg\" \/>\n\t<meta property=\"og:image:width\" content=\"270\" \/>\n\t<meta property=\"og:image:height\" content=\"270\" \/>\n\t<meta property=\"og:image:type\" content=\"image\/jpeg\" \/>\n<meta name=\"twitter:card\" content=\"summary_large_image\" \/>\n<meta name=\"twitter:label1\" content=\"Szacowany czas czytania\" \/>\n\t<meta name=\"twitter:data1\" content=\"6 minut\" \/>\n<script type=\"application\/ld+json\" class=\"yoast-schema-graph\">{\"@context\":\"https:\/\/schema.org\",\"@graph\":[{\"@type\":\"WebPage\",\"@id\":\"http:\/\/willa-zamek.pl\/?page_id=560\",\"url\":\"http:\/\/willa-zamek.pl\/?page_id=560\",\"name\":\"Memorial -\",\"isPartOf\":{\"@id\":\"http:\/\/willa-zamek.pl\/#website\"},\"primaryImageOfPage\":{\"@id\":\"http:\/\/willa-zamek.pl\/?page_id=560#primaryimage\"},\"image\":{\"@id\":\"http:\/\/willa-zamek.pl\/?page_id=560#primaryimage\"},\"thumbnailUrl\":\"http:\/\/willa-zamek.pl\/wp-content\/uploads\/2020\/12\/Barbara_ico.jpg\",\"datePublished\":\"2020-12-16T15:59:38+00:00\",\"dateModified\":\"2025-01-10T20:31:58+00:00\",\"breadcrumb\":{\"@id\":\"http:\/\/willa-zamek.pl\/?page_id=560#breadcrumb\"},\"inLanguage\":\"pl-PL\",\"potentialAction\":[{\"@type\":\"ReadAction\",\"target\":[\"http:\/\/willa-zamek.pl\/?page_id=560\"]}]},{\"@type\":\"ImageObject\",\"inLanguage\":\"pl-PL\",\"@id\":\"http:\/\/willa-zamek.pl\/?page_id=560#primaryimage\",\"url\":\"http:\/\/willa-zamek.pl\/wp-content\/uploads\/2020\/12\/Barbara_ico.jpg\",\"contentUrl\":\"http:\/\/willa-zamek.pl\/wp-content\/uploads\/2020\/12\/Barbara_ico.jpg\",\"width\":270,\"height\":270},{\"@type\":\"BreadcrumbList\",\"@id\":\"http:\/\/willa-zamek.pl\/?page_id=560#breadcrumb\",\"itemListElement\":[{\"@type\":\"ListItem\",\"position\":1,\"name\":\"Strona g\u0142\u00f3wna\",\"item\":\"http:\/\/willa-zamek.pl\/\"},{\"@type\":\"ListItem\",\"position\":2,\"name\":\"Memorial\"}]},{\"@type\":\"WebSite\",\"@id\":\"http:\/\/willa-zamek.pl\/#website\",\"url\":\"http:\/\/willa-zamek.pl\/\",\"name\":\"\",\"description\":\"\",\"publisher\":{\"@id\":\"http:\/\/willa-zamek.pl\/#organization\"},\"potentialAction\":[{\"@type\":\"SearchAction\",\"target\":{\"@type\":\"EntryPoint\",\"urlTemplate\":\"http:\/\/willa-zamek.pl\/?s={search_term_string}\"},\"query-input\":{\"@type\":\"PropertyValueSpecification\",\"valueRequired\":true,\"valueName\":\"search_term_string\"}}],\"inLanguage\":\"pl-PL\"},{\"@type\":\"Organization\",\"@id\":\"http:\/\/willa-zamek.pl\/#organization\",\"name\":\"Willa Zamek Lanckorona\",\"url\":\"http:\/\/willa-zamek.pl\/\",\"logo\":{\"@type\":\"ImageObject\",\"inLanguage\":\"pl-PL\",\"@id\":\"http:\/\/willa-zamek.pl\/#\/schema\/logo\/image\/\",\"url\":\"http:\/\/willa-zamek.pl\/wp-content\/uploads\/2021\/03\/wz_logo_0.png\",\"contentUrl\":\"http:\/\/willa-zamek.pl\/wp-content\/uploads\/2021\/03\/wz_logo_0.png\",\"width\":1400,\"height\":758,\"caption\":\"Willa Zamek Lanckorona\"},\"image\":{\"@id\":\"http:\/\/willa-zamek.pl\/#\/schema\/logo\/image\/\"},\"sameAs\":[\"https:\/\/www.facebook.com\/Willa-Zamek-194618793908397\/\"]}]}<\/script>\n<!-- \/ Yoast SEO plugin. -->","yoast_head_json":{"title":"Memorial -","robots":{"index":"index","follow":"follow","max-snippet":"max-snippet:-1","max-image-preview":"max-image-preview:large","max-video-preview":"max-video-preview:-1"},"canonical":"http:\/\/willa-zamek.pl\/?page_id=560","og_locale":"pl_PL","og_type":"article","og_title":"Memorial -","og_description":"Pani Basia Bodnarowa Moja Mama&#8230; od dawna, od dnia jej \u015bmierci chcia\u0142am napisa\u0107\u00a0 o Niej , przyblizy\u0107 jej posta\u0107 go\u015bciom odwiedzaj\u0105cym nasz dom, kt\u00f3rzy pami\u0119tali j\u0105 z dawnych lat jak i osobom kt\u00f3rym kojarzy\u0142a si\u0119 ju\u017c tylko ze starsz\u0105 Pani\u0105 wygrzewaj\u0105ca si\u0119 na s\u0142oncu , na \u0142aweczce przed domem. By\u0142o to jednak ponad moje si\u0142y. [&hellip;]","og_url":"http:\/\/willa-zamek.pl\/?page_id=560","article_publisher":"https:\/\/www.facebook.com\/Willa-Zamek-194618793908397\/","article_modified_time":"2025-01-10T20:31:58+00:00","og_image":[{"width":270,"height":270,"url":"http:\/\/willa-zamek.pl\/wp-content\/uploads\/2020\/12\/Barbara_ico.jpg","type":"image\/jpeg"}],"twitter_card":"summary_large_image","twitter_misc":{"Szacowany czas czytania":"6 minut"},"schema":{"@context":"https:\/\/schema.org","@graph":[{"@type":"WebPage","@id":"http:\/\/willa-zamek.pl\/?page_id=560","url":"http:\/\/willa-zamek.pl\/?page_id=560","name":"Memorial -","isPartOf":{"@id":"http:\/\/willa-zamek.pl\/#website"},"primaryImageOfPage":{"@id":"http:\/\/willa-zamek.pl\/?page_id=560#primaryimage"},"image":{"@id":"http:\/\/willa-zamek.pl\/?page_id=560#primaryimage"},"thumbnailUrl":"http:\/\/willa-zamek.pl\/wp-content\/uploads\/2020\/12\/Barbara_ico.jpg","datePublished":"2020-12-16T15:59:38+00:00","dateModified":"2025-01-10T20:31:58+00:00","breadcrumb":{"@id":"http:\/\/willa-zamek.pl\/?page_id=560#breadcrumb"},"inLanguage":"pl-PL","potentialAction":[{"@type":"ReadAction","target":["http:\/\/willa-zamek.pl\/?page_id=560"]}]},{"@type":"ImageObject","inLanguage":"pl-PL","@id":"http:\/\/willa-zamek.pl\/?page_id=560#primaryimage","url":"http:\/\/willa-zamek.pl\/wp-content\/uploads\/2020\/12\/Barbara_ico.jpg","contentUrl":"http:\/\/willa-zamek.pl\/wp-content\/uploads\/2020\/12\/Barbara_ico.jpg","width":270,"height":270},{"@type":"BreadcrumbList","@id":"http:\/\/willa-zamek.pl\/?page_id=560#breadcrumb","itemListElement":[{"@type":"ListItem","position":1,"name":"Strona g\u0142\u00f3wna","item":"http:\/\/willa-zamek.pl\/"},{"@type":"ListItem","position":2,"name":"Memorial"}]},{"@type":"WebSite","@id":"http:\/\/willa-zamek.pl\/#website","url":"http:\/\/willa-zamek.pl\/","name":"","description":"","publisher":{"@id":"http:\/\/willa-zamek.pl\/#organization"},"potentialAction":[{"@type":"SearchAction","target":{"@type":"EntryPoint","urlTemplate":"http:\/\/willa-zamek.pl\/?s={search_term_string}"},"query-input":{"@type":"PropertyValueSpecification","valueRequired":true,"valueName":"search_term_string"}}],"inLanguage":"pl-PL"},{"@type":"Organization","@id":"http:\/\/willa-zamek.pl\/#organization","name":"Willa Zamek Lanckorona","url":"http:\/\/willa-zamek.pl\/","logo":{"@type":"ImageObject","inLanguage":"pl-PL","@id":"http:\/\/willa-zamek.pl\/#\/schema\/logo\/image\/","url":"http:\/\/willa-zamek.pl\/wp-content\/uploads\/2021\/03\/wz_logo_0.png","contentUrl":"http:\/\/willa-zamek.pl\/wp-content\/uploads\/2021\/03\/wz_logo_0.png","width":1400,"height":758,"caption":"Willa Zamek Lanckorona"},"image":{"@id":"http:\/\/willa-zamek.pl\/#\/schema\/logo\/image\/"},"sameAs":["https:\/\/www.facebook.com\/Willa-Zamek-194618793908397\/"]}]}},"_links":{"self":[{"href":"http:\/\/willa-zamek.pl\/index.php?rest_route=\/wp\/v2\/pages\/560","targetHints":{"allow":["GET"]}}],"collection":[{"href":"http:\/\/willa-zamek.pl\/index.php?rest_route=\/wp\/v2\/pages"}],"about":[{"href":"http:\/\/willa-zamek.pl\/index.php?rest_route=\/wp\/v2\/types\/page"}],"author":[{"embeddable":true,"href":"http:\/\/willa-zamek.pl\/index.php?rest_route=\/wp\/v2\/users\/1"}],"replies":[{"embeddable":true,"href":"http:\/\/willa-zamek.pl\/index.php?rest_route=%2Fwp%2Fv2%2Fcomments&post=560"}],"version-history":[{"count":20,"href":"http:\/\/willa-zamek.pl\/index.php?rest_route=\/wp\/v2\/pages\/560\/revisions"}],"predecessor-version":[{"id":611,"href":"http:\/\/willa-zamek.pl\/index.php?rest_route=\/wp\/v2\/pages\/560\/revisions\/611"}],"wp:featuredmedia":[{"embeddable":true,"href":"http:\/\/willa-zamek.pl\/index.php?rest_route=\/wp\/v2\/media\/561"}],"wp:attachment":[{"href":"http:\/\/willa-zamek.pl\/index.php?rest_route=%2Fwp%2Fv2%2Fmedia&parent=560"}],"curies":[{"name":"wp","href":"https:\/\/api.w.org\/{rel}","templated":true}]}}